
18
Suppose 0 = -83*k + 82*k + 9. What is the highest common divisor of 216 and k?
9
Let b = -34 + 274. Suppose 2*g = 3*o + b, 20 = g + 3*o - 91. What is the highest common factor of g and 13?
13
Let n be -14*(-1 + -7 - -6). Calculate the highest common divisor of 28 and n.
28
Let u = -240 + 624. What is the highest common divisor of u and 24?
24
Suppose 3*c - 4*j = 48, 0 = -0*c - 2*c - 4*j + 12. Let x = c + -17. Let t = x - -8. Calculate the highest common divisor of 3 and t.
3
Let j = 0 + 4. Suppose -j*t - 5*m = -81, -2*m - 3*m - 17 = -3*t. What is the highest common divisor of t and 14?
14
Let a = -159 + 167. What is the highest common divisor of a and 2?
2
Let n(q) = -2*q**2 + 2*q. Let a be n(0). Suppose a*p + 105 = 5*p. Let s = p + -19. Calculate the greatest common divisor of 3 and s.
1
Let f(n) be the first derivative of 7*n**3/3 - 3*n**2 - 1. Let z be f(4). Let o be (-18)/(-30) + (-107)/(-5). What is the highest common factor of z and o?
22
Suppose 5*y - 4*w - 6292 = 0, -5*y = -18*w + 22*w - 6308. Calculate the highest common divisor of 15 and y.
15
Suppose 11*l - 14*l = -9. Suppose 8*r - 4*r + 20 = 0. Let y be 0 - -1 - 10/r. Calculate the greatest common divisor of l and y.
3
Suppose 0 = -l + 5. Suppose i = -2*i - 15, -460 = -l*c - 4*i. Suppose -5 = 5*f - 65. Calculate the highest common factor of f and c.
12
Suppose 0 = -6*n + 8*n - 286. Suppose 3 + 51 = 4*g + 2*s, -4*g - 5*s = -57. Calculate the highest common factor of g and n.
13
Let k be ((-1584)/(-77) + -14)/(1/7). What is the highest common factor of k and 26?
2
Suppose 1461 = -10*m + 9741. Calculate the highest common divisor of 36 and m.
36
Let l(t) = -14*t - 140. Let z be l(-11). Calculate the highest common factor of z and 994.
14
Suppose 23*i - 72 = 15*i. Let g = -2 - -4. Suppose -g*d - 1 = -3. What is the highest common factor of i and d?
1
Let f(s) = -s**2 + 7*s + 123. Let g be f(12). Suppose -22 = -3*o + 2*o. Let t = o + -15. Calculate the greatest common factor of t and g.
7
Let j(d) = 275 + 2*d + d**2 - 6*d - 278. Let q be j(5). Suppose 0*v - q*v = -52. Calculate the greatest common divisor of v and 78.
26
Suppose 3*a - 6*a = 0. Suppose 4*l - 6 - 10 = a. What is the highest common divisor of l and 8?
4
Let j = -60 + 77. Suppose 387 + 38 = j*u. Let r be (0 - 50)*2/(-1). What is the greatest common factor of r and u?
25
Let m(l) = -l**2 + 59*l - 144. Let a be m(54). What is the greatest common factor of 9 and a?
9
Suppose 3*q = -5*n + 4380, 4*n - 14*q + 13*q - 3487 = 0. What is the highest common divisor of 9 and n?
9
Let t(x) = 121*x - 12. Let s be t(2). Calculate the highest common factor of 46 and s.
46
Let r = 16 + -5. Suppose -2*k = -3*p + 4*p + r, -k = 3*p + 13. Let f be 11 + (3 - (3 - p)). What is the highest common divisor of f and 40?
8
Suppose -10*y + 253 = -77. What is the greatest common factor of 33 and y?
33
Suppose -3*m + 6 - 26 = -5*r, -4*m + 5*r = 20. Suppose m = -u + s + 83 + 6, -5*u + 3*s = -437. Calculate the highest common divisor of 17 and u.
17
Let b = 13 - 8. Let o(k) = -k + 46. Let n be o(11). What is the greatest common factor of b and n?
5
Suppose -14*p + 315 = -11*p. Calculate the greatest common divisor of 30 and p.
15
Let c(g) = -g + 2. Let y be c(1). Let s be (1/2)/(y/6). Suppose -s*a + 53 + 1 = 0. What is the highest common factor of 2 and a?
2
Suppose -2*t + 22*p + 30 = 25*p, -3*p = -5*t + 33. What is the greatest common factor of 1 and t?
1
Suppose -172*i = -167*i. Suppose i = 5*x + 5*x - 70. What is the highest common factor of 7 and x?
7
Suppose 0 = 3*n - 2*i - 380, 5*n + 24*i = 27*i + 633. Suppose -t + 5*a - 2 = 0, t - 4*a = 3*t - 52. Calculate the greatest common divisor of n and t.
18
Let c(p) = 6*p**2 - 36*p + 44*p - 7*p**2 + 6. Let q be c(7). Calculate the greatest common divisor of q and 104.
13
Let m = 61 + -42. Calculate the greatest common factor of 589 and m.
19
Let q(x) = -x**2 - 5*x - 5. Let z be q(-3). Let p = 15 - z. Suppose -30 = -2*o + p. Calculate the highest common divisor of 55 and o.
11
Let v = -456 + 475. Calculate the highest common factor of v and 19.
19
Suppose 2*l - 70 = -5*b - 0*l, 2*b - 4*l - 52 = 0. Let s be -2*2/(-8) + 217/14. Calculate the highest common factor of b and s.
16
Let t be 74/(-10) - (-4)/10. Let r = t + 29. Suppose 5*k - r = 3*k. What is the highest common divisor of 55 and k?
11
Suppose -f - 3*f = -148. Suppose f + 38 = o. Suppose -4*c + 452 = -4*t, 0 = 3*c + 4*t - 243 - o. What is the greatest common divisor of c and 10?
10
Let t = 25 - -98. Suppose 2*w = 4*m - 3*m - t, 4*w + 127 = m. What is the highest common factor of m and 17?
17
Let x be 99/(-66) + 210/4. What is the highest common divisor of x and 153?
51
Let v(s) = -s - 1. Let i be v(-5). Let j be i/4*5*1. Let l = j - -3. Calculate the highest common divisor of l and 40.
8
Let w = 127 + -52. Let s = 99 - w. Calculate the greatest common divisor of 168 and s.
24
Let p be 2 + (462/55)/(1/5). Let t be (-1 + -27)*(-33)/p. What is the greatest common factor of 3 and t?
3
Suppose 5*f = -10, 0*f = 4*h - 5*f - 66. What is the highest common divisor of h and 7?
7
Suppose i = 46 - 32. What is the highest common divisor of i and 189?
7
Let y = -6 + 10. Suppose -y*k - 36 = -8*k. Calculate the greatest common divisor of k and 9.
9
Suppose 78 = 23*b - 26*b. Suppose 0 = 4*k + 7 + 57. Let o = k - b. What is the greatest common divisor of o and 25?
5
Let f(h) = h**3 + 6*h**2 + 1. Suppose 5 - 11 = j. Let z be f(j). Let t = 2 - 1. What is the greatest common factor of t and z?
1
Let a be 2*(-12)/(-8)*1. Let z be -2 - a/(3/(-4)). Suppose z*k = -k + 270. Calculate the greatest common divisor of 30 and k.
30
Suppose 3*h + s - 67 = 0, -h - 2*s + 17 = 3. Let a(v) = v**3 + v**2 - v + 2. Let d be a(2). Calculate the highest common divisor of h and d.
12
Let u(g) = 4*g - 56. Let b be u(17). Calculate the highest common divisor of b and 708.
12
Let b = 183 + -63. Suppose 0 = -7*m + 4*m + b. Calculate the highest common factor of 10 and m.
10
Let b = 1534 + -469. Calculate the greatest common factor of 71 and b.
71
Let g(r) = -9*r - 157. Let b be g(-26). What is the greatest common factor of b and 209?
11
Suppose 14*a - 11*a = 27. What is the highest common divisor of 243 and a?
9
Let r(t) = -t + 5. Let x be r(4). Let p be x/(-4) - (-387)/12. Suppose -i + b = -34, -4*b - 248 + 176 = -2*i. What is the greatest common divisor of p and i?
32
Let u = 184 - 94. Suppose v + 3*o - 2 = o, 4*v + 4*o = 24. Calculate the greatest common factor of u and v.
10
Let k be (-1395)/(-20) - 3/4. Suppose 0 = -5*x + 15. Calculate the greatest common factor of x and k.
3
Suppose -3*f = 2*g - 194, -5*f - 4 + 14 = 0. What is the highest common factor of g and 1034?
94
Let c(o) = 3*o**2 - o. Let r be c(2). Suppose 0 = 6*z - r - 8. What is the highest common factor of 27 and z?
3
Let x = 20 + -26. Let i be -2*x/(6/2). Suppose 4*p - i*f - 99 = -p, -4*p - f + 75 = 0. What is the greatest common divisor of p and 19?
19
Let l(f) = -3*f**2 + 39*f - 30. Let z be l(11). What is the greatest common factor of 54 and z?
18
Let t(v) = -17*v**3 + v**2 - 1. Let r be t(-1). Suppose -4*m + 5*l = -204, -3*m = -l - 93 - 60. Calculate the greatest common divisor of r and m.
17
Let f = 2698 - 2599. Calculate the greatest common factor of 891 and f.
99
Let f be (-12)/(-10)*(-24 - -84). What is the highest common divisor of f and 444?
12
Suppose 2*g + 180 = 3*z, -2*g + 180 = 3*z + 2*g. Let a be 1 - 2 - (-13 - -1). Suppose 19 = 5*p - a. What is the highest common divisor of z and p?
6
Let f be (4 + 2)*4/(-8) - -11. Suppose 0 = 5*q - 2*o - 22, 17 = 3*q - 2*o - 3*o. Calculate the highest common divisor of q and f.
4
Let b = 81 - 77. Let n be b*(3 + -4 - (-1 - 22)). Suppose -2*z - 5 = -g - 3*z, 0 = 3*z + 9. Calculate the greatest common divisor of n and g.
8
Let i be (105 - (1 + 0)) + -1. Suppose -35 = -2*m + i. Let t = m - 49. What is the highest common factor of t and 4?
4
Suppose 0 = -3*k - o + 54, -3*k + o = -3*o - 69. What is the greatest common divisor of 209 and k?
19
Suppose -4*d + 15 + 517 = 0. Suppose -o - 5*w - 8 + 2 = 0, 0 = -5*o + 2*w + 105. Calculate the highest common divisor of o and d.
19
Let o be 3/((-15)/(-25) + 0). Suppose d + 3*u - 12 = -2*d, 0 = -4*d - o*u + 14. Calculate the greatest 